{"id":667,"date":"2014-07-28T16:36:00","date_gmt":"2014-07-28T16:36:00","guid":{"rendered":"http:\/\/Herold-Modellbau.de\/?page_id=667"},"modified":"2022-12-25T17:40:29","modified_gmt":"2022-12-25T17:40:29","slug":"m1-25","status":"publish","type":"page","link":"https:\/\/Herold-Modellbau.de\/?page_id=667","title":{"rendered":"Ma\u00dfstab 1:25"},"content":{"rendered":"<p><strong>Das sind meine Modelle im Ma\u00dfstab 1:25<\/strong><\/p>\n<p><strong>Aktuell entstehen hier in Kleinarbeit neue Fahrzeuge mit einem neuen Rahmen, Fahrwerk, Achsen und einem Zweigang-Schaltgetriebe. Alle Komponenten werden als Eigenbau hergestellt, zusammen gebaut und nat\u00fcrlich ausgiebig getestet.<br \/>\n<\/strong><\/p>\n<p>Sooooo&#8230;&#8230;<\/p>\n<p>nach langer Pause gehe ich mal wieder an ein neues &#8222;Projekt&#8220;. Es sollen Fahrzeuge im Ma\u00dfstab 1:25 sein, die zur Spur-G passen. Gl\u00fccklicher Weise gibt es da einen Spielzeughersteller, der f\u00fcr diese Gr\u00f6\u00dfe bereits gute Karosserien und Aufbauten liefert. EMEK hat ein breites Spektrum an LKW von Volvo, Scania und MAN mit den unterschiedlichsten Aufbauten und H\u00e4ngerfahrzeugen. Da es sich hierbei um Kinderspielzeug handelt, sind die verwendeten Materialien sehr robust und dennoch gut detailiert. Damit sind diese Vorlagen f\u00fcr meine Projekte in diesem Ma\u00dfstab ausgezeichnet geeignet.<\/p>\n<p><a href=\"https:\/\/Herold-Modellbau.de\/wp-content\/uploads\/2017\/02\/IMG_59381.jpg\"><img decoding=\"async\" loading=\"lazy\" class=\"aligncenter size-medium wp-image-731\" src=\"https:\/\/Herold-Modellbau.de\/wp-content\/uploads\/2017\/02\/IMG_59381-225x300.jpg\" alt=\"IMG_5938\" width=\"225\" height=\"300\" srcset=\"https:\/\/Herold-Modellbau.de\/wp-content\/uploads\/2017\/02\/IMG_59381-225x300.jpg 225w, https:\/\/Herold-Modellbau.de\/wp-content\/uploads\/2017\/02\/IMG_59381.jpg 600w\" sizes=\"(max-width: 225px) 85vw, 225px\" \/><\/a><a href=\"https:\/\/Herold-Modellbau.de\/wp-content\/uploads\/2017\/02\/IMG_5939.jpg\"><img decoding=\"async\" loading=\"lazy\" class=\"aligncenter size-medium wp-image-732\" src=\"https:\/\/Herold-Modellbau.de\/wp-content\/uploads\/2017\/02\/IMG_5939-300x225.jpg\" alt=\"IMG_5939\" width=\"300\" height=\"225\" srcset=\"https:\/\/Herold-Modellbau.de\/wp-content\/uploads\/2017\/02\/IMG_5939-300x225.jpg 300w, https:\/\/Herold-Modellbau.de\/wp-content\/uploads\/2017\/02\/IMG_5939.jpg 800w\" sizes=\"(max-width: 300px) 85vw, 300px\" \/><\/a>\u00a0 <a href=\"https:\/\/Herold-Modellbau.de\/wp-content\/uploads\/2017\/02\/IMG_5940.jpg\"><img decoding=\"async\" loading=\"lazy\" class=\"aligncenter size-medium wp-image-733\" src=\"https:\/\/Herold-Modellbau.de\/wp-content\/uploads\/2017\/02\/IMG_5940-225x300.jpg\" alt=\"IMG_5940\" width=\"225\" height=\"300\" srcset=\"https:\/\/Herold-Modellbau.de\/wp-content\/uploads\/2017\/02\/IMG_5940-225x300.jpg 225w, https:\/\/Herold-Modellbau.de\/wp-content\/uploads\/2017\/02\/IMG_5940.jpg 600w\" sizes=\"(max-width: 225px) 85vw, 225px\" \/><\/a> <a href=\"https:\/\/Herold-Modellbau.de\/wp-content\/uploads\/2017\/02\/IMG_5941.jpg\"><img decoding=\"async\" loading=\"lazy\" class=\"aligncenter size-medium wp-image-734\" src=\"https:\/\/Herold-Modellbau.de\/wp-content\/uploads\/2017\/02\/IMG_5941-225x300.jpg\" alt=\"IMG_5941\" width=\"225\" height=\"300\" srcset=\"https:\/\/Herold-Modellbau.de\/wp-content\/uploads\/2017\/02\/IMG_5941-225x300.jpg 225w, https:\/\/Herold-Modellbau.de\/wp-content\/uploads\/2017\/02\/IMG_5941.jpg 600w\" sizes=\"(max-width: 225px) 85vw, 225px\" \/><\/a> <a href=\"https:\/\/Herold-Modellbau.de\/wp-content\/uploads\/2017\/02\/IMG_5942.jpg\"><img decoding=\"async\" loading=\"lazy\" class=\"aligncenter size-medium wp-image-735\" src=\"https:\/\/Herold-Modellbau.de\/wp-content\/uploads\/2017\/02\/IMG_5942-300x225.jpg\" alt=\"IMG_5942\" width=\"300\" height=\"225\" srcset=\"https:\/\/Herold-Modellbau.de\/wp-content\/uploads\/2017\/02\/IMG_5942-300x225.jpg 300w, https:\/\/Herold-Modellbau.de\/wp-content\/uploads\/2017\/02\/IMG_5942.jpg 800w\" sizes=\"(max-width: 300px) 85vw, 300px\" \/><\/a><\/p>\n<p>Wie man bereits in meinen anderen Umbauten feststellen kann, lege ich besonderen Wert auf die Funktion meiner Modelle. So soll es auch in diesem Falle sein.<\/p>\n<p><strong>Mein erstes EMEK-Projekt: <a href=\"http:\/\/herold-modellbau.de\/?p=887\">6&#215;4 3 Achs Holzzug mit Holzladekran und\u00a0 Holzanh\u00e4nger<\/a><\/strong><\/p>\n<p>Hier wird noch ein Projekt eingestellt, dass bereits vor einiger Zeit entstanden ist. Mein Dreiachser Holzzug mit Ladekran und zweiachs Holzanh\u00e4nger.<\/p>\n<p>(ist noch am Entstehen)<\/p>\n<p><a href=\"https:\/\/Herold-Modellbau.de\/wp-content\/uploads\/2018\/01\/vlcsnap-2018-01-02-14h51m24s206.png\"><img decoding=\"async\" loading=\"lazy\" class=\"aligncenter wp-image-913 size-medium\" src=\"https:\/\/Herold-Modellbau.de\/wp-content\/uploads\/2018\/01\/vlcsnap-2018-01-02-14h51m24s206-300x168.png\" alt=\"vlcsnap-2018-01-02-14h51m24s206\" width=\"300\" height=\"168\" srcset=\"https:\/\/Herold-Modellbau.de\/wp-content\/uploads\/2018\/01\/vlcsnap-2018-01-02-14h51m24s206-300x168.png 300w, https:\/\/Herold-Modellbau.de\/wp-content\/uploads\/2018\/01\/vlcsnap-2018-01-02-14h51m24s206-1024x576.png 1024w, https:\/\/Herold-Modellbau.de\/wp-content\/uploads\/2018\/01\/vlcsnap-2018-01-02-14h51m24s206.png 1280w\" sizes=\"(max-width: 300px) 85vw, 300px\" \/><\/a><\/p>\n<p><strong>Mein aktuelles Projekt: <a title=\"EMEK MAN TGA 3 Achs SZM\" href=\"https:\/\/Herold-Modellbau.de\/?p=724\">6&#215;4 3 Achs Sattelzugmaschine<\/a><br \/>\n<\/strong><\/p>\n<p><a title=\"EMEK MAN TGA 3 Achs SZM\" href=\"https:\/\/Herold-Modellbau.de\/wp-content\/uploads\/2017\/02\/IMG_5931.jpg\"><img decoding=\"async\" loading=\"lazy\" class=\"aligncenter wp-image-727 size-medium\" src=\"https:\/\/Herold-Modellbau.de\/wp-content\/uploads\/2017\/02\/IMG_5931-300x225.jpg\" alt=\"IMG_5931\" width=\"300\" height=\"225\" srcset=\"https:\/\/Herold-Modellbau.de\/wp-content\/uploads\/2017\/02\/IMG_5931-300x225.jpg 300w, https:\/\/Herold-Modellbau.de\/wp-content\/uploads\/2017\/02\/IMG_5931.jpg 800w\" sizes=\"(max-width: 300px) 85vw, 300px\" \/><\/a><\/p>\n<p><strong>Mein zweites aktuelles Projekt: <a title=\"EMEK MAN TGA 2 Achs Sattelzugmaschine\" href=\"https:\/\/Herold-Modellbau.de\/?p=823\">4&#215;2 2 Achs Sattelzugmaschine<\/a><\/strong><\/p>\n<p><a title=\"EMEK MAN TGA 2 Achs Sattelzugmaschine\" href=\"https:\/\/Herold-Modellbau.de\/wp-content\/uploads\/2017\/02\/IMG_5927.jpg\"><img decoding=\"async\" loading=\"lazy\" class=\"aligncenter wp-image-800 size-medium\" src=\"https:\/\/Herold-Modellbau.de\/wp-content\/uploads\/2017\/02\/IMG_5927-300x225.jpg\" alt=\"IMG_5927\" width=\"300\" height=\"225\" srcset=\"https:\/\/Herold-Modellbau.de\/wp-content\/uploads\/2017\/02\/IMG_5927-300x225.jpg 300w, https:\/\/Herold-Modellbau.de\/wp-content\/uploads\/2017\/02\/IMG_5927.jpg 800w\" sizes=\"(max-width: 300px) 85vw, 300px\" \/><\/a><\/p>\n<p><strong>Ein neues Projekt: <a title=\"EMEK MAN TGA 2 Achs Sattelzugmaschine\" href=\"https:\/\/Herold-Modellbau.de\/?p=2187\">Kompaktlader Hercules<\/a><\/strong><\/p>\n<p><a title=\"EMEK MAN TGA 2 Achs Sattelzugmaschine\" href=\"https:\/\/Herold-Modellbau.de\/wp-content\/uploads\/2022\/12\/C867EB6D-AA01-445F-B4A1-135F468FAF1D-scaled.jpeg\"><img decoding=\"async\" loading=\"lazy\" class=\"aligncenter wp-image-2200 size-medium\" src=\"https:\/\/Herold-Modellbau.de\/wp-content\/uploads\/2022\/12\/C867EB6D-AA01-445F-B4A1-135F468FAF1D-225x300.jpeg\" alt=\"\" width=\"225\" height=\"300\" srcset=\"https:\/\/Herold-Modellbau.de\/wp-content\/uploads\/2022\/12\/C867EB6D-AA01-445F-B4A1-135F468FAF1D-225x300.jpeg 225w, https:\/\/Herold-Modellbau.de\/wp-content\/uploads\/2022\/12\/C867EB6D-AA01-445F-B4A1-135F468FAF1D-768x1024.jpeg 768w, https:\/\/Herold-Modellbau.de\/wp-content\/uploads\/2022\/12\/C867EB6D-AA01-445F-B4A1-135F468FAF1D-1152x1536.jpeg 1152w, https:\/\/Herold-Modellbau.de\/wp-content\/uploads\/2022\/12\/C867EB6D-AA01-445F-B4A1-135F468FAF1D-1536x2048.jpeg 1536w, https:\/\/Herold-Modellbau.de\/wp-content\/uploads\/2022\/12\/C867EB6D-AA01-445F-B4A1-135F468FAF1D-1200x1600.jpeg 1200w, https:\/\/Herold-Modellbau.de\/wp-content\/uploads\/2022\/12\/C867EB6D-AA01-445F-B4A1-135F468FAF1D-scaled.jpeg 1920w\" sizes=\"(max-width: 225px) 85vw, 225px\" \/><\/a><\/p>\n<p><a href=\"http:\/\/herold-modellbau.de\/?p=1049\">Hier sind ein paar Bilder von den Modellen &#8222;im Einsatz&#8220;.<\/a><\/p>\n<p><strong>In K\u00fcrze gibt es hier mehr Neuigkeiten.<\/strong><\/p>\n","protected":false},"excerpt":{"rendered":"<p>Das sind meine Modelle im Ma\u00dfstab 1:25 Aktuell entstehen hier in Kleinarbeit neue Fahrzeuge mit einem neuen Rahmen, Fahrwerk, Achsen und einem Zweigang-Schaltgetriebe. Alle Komponenten werden als Eigenbau hergestellt, zusammen gebaut und nat\u00fcrlich ausgiebig getestet. Sooooo&#8230;&#8230; nach langer Pause gehe ich mal wieder an ein neues &#8222;Projekt&#8220;. Es sollen Fahrzeuge im Ma\u00dfstab 1:25 sein, die &hellip; <a href=\"https:\/\/Herold-Modellbau.de\/?page_id=667\" class=\"more-link\"><span class=\"screen-reader-text\">\u201eMa\u00dfstab 1:25\u201c<\/span> weiterlesen<\/a><\/p>\n","protected":false},"author":3,"featured_media":0,"parent":116,"menu_order":0,"comment_status":"closed","ping_status":"closed","template":"","meta":[],"_links":{"self":[{"href":"https:\/\/Herold-Modellbau.de\/index.php?rest_route=\/wp\/v2\/pages\/667"}],"collection":[{"href":"https:\/\/Herold-Modellbau.de\/index.php?rest_route=\/wp\/v2\/pages"}],"about":[{"href":"https:\/\/Herold-Modellbau.de\/index.php?rest_route=\/wp\/v2\/types\/page"}],"author":[{"embeddable":true,"href":"https:\/\/Herold-Modellbau.de\/index.php?rest_route=\/wp\/v2\/users\/3"}],"replies":[{"embeddable":true,"href":"https:\/\/Herold-Modellbau.de\/index.php?rest_route=%2Fwp%2Fv2%2Fcomments&post=667"}],"version-history":[{"count":36,"href":"https:\/\/Herold-Modellbau.de\/index.php?rest_route=\/wp\/v2\/pages\/667\/revisions"}],"predecessor-version":[{"id":2230,"href":"https:\/\/Herold-Modellbau.de\/index.php?rest_route=\/wp\/v2\/pages\/667\/revisions\/2230"}],"up":[{"embeddable":true,"href":"https:\/\/Herold-Modellbau.de\/index.php?rest_route=\/wp\/v2\/pages\/116"}],"wp:attachment":[{"href":"https:\/\/Herold-Modellbau.de\/index.php?rest_route=%2Fwp%2Fv2%2Fmedia&parent=667"}],"curies":[{"name":"wp","href":"https:\/\/api.w.org\/{rel}","templated":true}]}}